s the units digit of x?
6
Let q = 136 - -97. What is the units digit of q?
3
Let j = 1456 + 306. What is the tens digit of j?
6
Let j(x) = 2*x**3 - 252*x - 15. What is the thousands digit of j(13)?
1
Let s(g) = -809*g - 6. What is the units digit of s(-2)?
2
Let i = -74 + 89. Let w = i - -84. What is the units digit of w?
9
Let b(t) = -t**3 - 7*t**2 + 7*t - 8. Let c be b(-6). Let f = 52 - c. What is the hundreds digit of f?
1
Let o(w) = 7*w**3 + 4*w**2 - 4*w + 4. Let t(b) = 6*b**3 + 4*b**2 - 3*b + 3. Let j(n) = -5*o(n) + 6*t(n). What is the units digit of j(-2)?
2
What is the hundreds digit of (-21)/(-6)*(-2792)/(-14)?
6
Let a = 297 + 364. What is the tens digit of a?
6
Suppose 20*i - 306 = 2*i. What is the tens digit of i?
1
Let n = -821 - -1969. What is the hundreds digit of n?
1
Suppose -2206 = 5*a - 8026. What is the units digit of a?
4
Let b = -662 - -1027. Suppose y = -4*k + 188, 5*y - b = 3*y + 3*k. What is the tens digit of y?
8
Suppose 0 = q - 4*v + 8, -3*q - 2*v = -3*v + 2. Suppose q = -2*h - 0*h + 8. What is the units digit of -2 + h + -1 + 0?
1
Suppose -32*c + 16*c = -3616. What is the tens digit of c?
2
Let c(v) = -7*v**2 + v - 2. Let b be c(-2). Let f be (3/3 - b) + 1. Let z = f + -23. What is the units digit of z?
1
Let f(u) = u**3 + 14*u**2 + 13*u + 3. Let c be f(-13). Suppose c*b = -2*b + 400. Suppose 2*l = -5*h - 3*l + b, 2*h - 52 = 3*l. What is the units digit of h?
0
Let q(v) = -2 - 7*v + 11*v + 8*v + 5. Let b be q(-2). What is the units digit of 10/3 - (-7)/b?
3
What is the units digit of (-642)/(-12)*(-4 - (4 - 16))?
8
Suppose -38*l + 35*l = -2*c - 1762, -c - 2 = 0. What is the tens digit of l?
8
Let z(c) = 13*c**2 - c + 3. Let w be z(-3). Suppose -2*i + 192 = -5*m, 2*i + 5*m - 69 - w = 0. What is the tens digit of i?
9
What is the units digit of (-26)/91 - 1791/(-21)?
5
Suppose -x + 5*x - 44 = 0. Let l be (-2*1)/(13 - x). What is the units digit of 366/8 + l/(-4)?
6
Let y = 4 - 2. Suppose 8 = y*u - 0*u. Suppose x = -4*w + 20, 59 = -4*x + u*w + 159. What is the tens digit of x?
2
Let z(r) = 20*r - 22. Suppose 5*q - 29 + 19 = 0. What is the units digit of z(q)?
8
Suppose -p - 32 = -5*p. Suppose 6*z - 4 = p. What is the units digit of z?
2
Let l(m) = m**3 + 8*m**2 - 6*m - 6. Let z be l(-8). What is the tens digit of (-2)/7 - (-2238)/z?
5
Let o be 6/27 - 276/27. Let n = -7 - o. Suppose -102 + 30 = -n*u. What is the tens digit of u?
2
Let n = 152 - -203. What is the units digit of n?
5
Let a = 1123 + -655. Let y be 196/6 + 1/3. What is the tens digit of a/y + 4/(-22)?
1
Let d(n) = 2*n**2 - 17*n - 148. What is the hundreds digit of d(27)?
8
Let g be 1*-12 - (6 + -3). Let h be (-36)/g + (-4)/10. Suppose -2*r = 3*j - 151, -j + 0*j + 141 = h*r. What is the tens digit of r?
6
Let c(f) = -3*f**3 - 3*f**2 + 21*f - 16. What is the tens digit of c(-7)?
1
Suppose 4*m - 197 = -y, 910 = 6*y - y - 5*m. What is the hundreds digit of y?
1
Let q(n) be the third derivative of n**5/60 + 11*n**4/24 + n**3/6 - 5*n**2. Suppose -17 - 38 = 5*h. What is the units digit of q(h)?
1
Suppose 2*v = 3*k + 29, -k - 4*k = -v - 3. Suppose 5*g - 6*o + 2*o - v = 0, g + 2 = 4*o. What is the units digit of g?
6
Let f(q) be the third derivative of -3*q**4/8 + 31*q**3/6 - 12*q**2 + 2. What is the tens digit of f(-7)?
9
Let r be ((-8)/5)/(6/(-15)). Suppose -w + r = 1. Suppose 98 = w*g + 29. What is the units digit of g?
3
Let q(l) = -l**3 - 2*l**2 + l + 9. What is the hundreds digit of q(-7)?
2
Suppose -t + 3*t = 366. Let r = 119 - t. Let f = -36 - r. What is the tens digit of f?
2
Let h(r) = 23*r**2 + 25*r - 9. What is the tens digit of h(5)?
9
Let k = 4 - -7. What is the tens digit of k + -6 - (0 - 267)?
7
What is the thousands digit of (39 - -167)/(2/14)?
1
Let f(w) = -3*w - 4*w**2 + 0*w**2 + 2*w**2. Let s be f(-2). What is the units digit of 2 + s - (-11 - -2)?
9
Suppose -18*v = 17*v - 42035. What is the thousands digit of v?
1
Let m be (22/33)/((-2)/(-6)). Suppose 4*y - 16 = -m*n, -4*y + 2 = -3*y. What is the units digit of -2 - n/(4/(-5))?
3
Let i(v) = 2*v + 10. Let u(s) = s + 1. Let g(j) = i(j) - 3*u(j). Let m be g(0). Let z = m + -5. What is the units digit of z?
2
Let l = 32 + -45. Suppose 5*p + 4*q = 219 - 87, -5*p - 3*q + 129 = 0. Let f = l + p. What is the tens digit of f?
1
What is the tens digit of ((-56)/6)/(23/(-1725))?
0
Let k = -4 - -9. Suppose -4*n - 456 = -k*m, 5*n - 90 = -3*m + 154. What is the units digit of m?
8
Let j(n) = 3 - 8*n**3 - 4 + n + 3*n**2 - 3*n**3 + 3*n**3. What is the units digit of j(-2)?
3
Suppose -3*p + 12 = -6. Suppose -296*w = -295*w + 30. Let v = p - w. What is the units digit of v?
6
Suppose 16 = 4*g, -g = -3*w + 2*w + 112. What is the hundreds digit of w?
1
Let j(o) = o**3 + 19*o**2 + o - 38. What is the hundreds digit of j(-16)?
7
Suppose 4*x + 1721 = 4*q + 7*x, 3*q = x + 1294. What is the tens digit of q?
3
Let p(u) = -13*u + 2*u**3 - 9*u - 3*u**3 + 4*u - 14*u**2. Suppose 5*i + 73 = 8. What is the tens digit of p(i)?
6
Let n(t) = -11*t - 3. Let w be ((-3)/6 - 0)*46. Let h = -27 - w. What is the tens digit of n(h)?
4
What is the tens digit of (-14358)/(-21) - (-18)/63?
8
Let v = 13203 - 6901. What is the thousands digit of v?
6
Let i = 50 + -46. Suppose -13*u + 15*u = -4*n + 458, 0 = i*n - 2*u - 478. What is the tens digit of n?
1
Suppose 3*i - 10*l - 673 = -12*l, -2*i - 2*l + 452 = 0. What is the tens digit of i?
2
Let g(r) = -39*r + 123. What is the units digit of g(-27)?
6
Suppose i = -2*i + 465. Suppose i = 2*m + 5*w, -5*w + 5 = m - 65. Suppose -5*c + m = -80. What is the units digit of c?
3
Suppose 0*k = -2*k + 86. Suppose -4*j + 0*j - w = -k, 3*w - 8 = -j. Suppose l - j + 0 = 0. What is the units digit of l?
1
What is the units digit of 34 + 1590 + -7*1 + 7?
4
Let c = -50 + 53. Suppose c*j = -3*g + 273, -2*g - 5*j = -8 - 174. What is the tens digit of g?
9
Let r = -206 - -89. Let a = r - -278. What is the units digit of a?
1
Suppose -41*i + 28*i = -7176. What is the tens digit of i?
5
Let q(c) = -91*c + 8. Let f be q(-1). Let o = 227 - f. What is the tens digit of o?
2
Suppose -5*t + 14 = 3*x - t, 4*x - 16 = -4*t. Suppose l = -2*b + 185, -4*l + x*b + 230 = -530. What is the units digit of l?
9
Let d = 846 + -217. What is the tens digit of d?
2
Let i be (2 - (-156)/4)*(1 - 0). What is the tens digit of (-11 - -12) + i + -1?
4
Let t = -379 + 619. What is the units digit of t?
0
What is the hundreds digit of (248558/186)/(2/6)?
0
What is the thousands digit of ((-177)/12)/((-1)/76)?
1
Suppose 107*z = 100*z + 44226. What is the units digit of z?
8
Let l(r) = -7*r - 25. Let i be 141/(-15) + 6/(-10). What is the tens digit of l(i)?
4
Suppose 0 = 5*y - n + 5 - 34, 0 = -4*y - 4*n + 4. Suppose 2*v + y*m - 85 = 0, -97 = -2*v + 4*m + 33. Let u = v + -41. What is the units digit of u?
4
Suppose 0 = 2*n - 7 + 3. Suppose -n*o - 2*i + i + 44 = 0, -o = 5*i - 13. Suppose -2*q = s - o, -q + 2*q = 2*s - 26. What is the tens digit of s?
1
What is the units digit of 12/(-14) + 68235/105?
9
Let g(v) = v**2. Let n be g(-2). Suppose 6 = n*j - 6. Suppose j*k - 139 = -t, 2*t + 2*t = k - 29. What is the units digit of k?
5
Let x = 3158 - 1259. What is the tens digit of x?
9
Suppose -8*n + 4715 = 627. What is the units digit of n?
1
Suppose -5510 = -24*f + 54418. What is the units digit of f?
7
Let r(l) = -35*l**3 - l**2 + 1. Let v be r(-1). Suppose 65 + v = 4*t. What is the units digit of t?
5
Let i(n) = -n**2 - 8*n - 5. Let o be i(-5). Let z = o - 6. What is the units digit of z?
4
What is the hundreds digit of (15/(-75))/(2/(-2270))?
2
Suppose 0 = -3*s + 4*j + 5138, 6834 + 1710 = 5*s + 3*j. What is the hundreds digit of s?
7
Let x = 45 - -14. Suppose k + x = 3*u, 5*u - 2*u - 44 = -2*k. What is the units digit of u?
8
Let m(g) = g**2 - 4*g + 5. Let q be m(3). What is the hundreds digit of q/(-2)*2*1071/(-14)?
1
Let q = -175 + 510. What is the units digit of q?
5
What is the tens digit of (-2)/6*(-3412 - -7)?
3
Suppose -5*s = 3*c + 7, 5*c + s = -3*s + 10. Suppose 3*q + 5*j - 1 = 5, -j + c = 3*q. Suppose -7 - 23 = -q*g. What is the tens digit of g?
1
Let w = 1 + 4. Suppose -d + 6*d - 13 = -3*c, -35 = -3*d + w*c. What is the units digit of 30*d*(-2)/(-15)?
0
Let p be 0 + 3 + (-4 + 4 - 2). Let i(m) = 4 - 8*m**2 - 2*m + 52*m**2 - 2. What is